. Suppose l - 82 = -4*u, -u + 298 = 4*l - 0*u. What is the remainder when l is divided by b?
18
Suppose 38*f = 428 - 48. What is the remainder when 389 is divided by -145*(-2)/f + (-3)/3?
25
Let b be (-516)/86 - (-695 - 1). Let f = b - 454. What is the remainder when f is divided by 22?
16
Let y = 4010 - 3204. What is the remainder when y is divided by 15?
11
Suppose -38 = -8*k + 138. Calculate the remainder when 189 is divided by k.
13
Let m(c) = 164*c**3 + 4*c**2 + 5*c - 17. Calculate the remainder when m(3) is divided by 62.
60
Suppose -3*l - 4*f = -0*f + 125, -f = -4. Let b = l + 52. Suppose -100 = -4*n + b*x, -2*x - 3*x = 5*n - 125. Calculate the remainder when n is divided by 13.
12
Suppose 0 = 17*l + 59*l + 20*l - 8928. Suppose o - 15 = 5. What is the remainder when l is divided by o?
13
Suppose 0 = 46*n - 40*n + 216. What is the remainder when 6/n + 2397/18 is divided by 40?
13
Suppose -y - 11*s = -7*s - 52, 4*y + 2*s - 138 = 0. Suppose -21*n - y = -284. What is the remainder when 1174 is divided by n?
10
Suppose -5*x = -2*f - 10 + 232, 102 = f + 2*x. Let u be ((-18)/(-10))/((-1)/(-5)). Suppose s - u = 18. Calculate the remainder when f is divided by s.
25
Calculate the remainder when 3503 is divided by (10 - (-6)/3) + (-180)/18.
1
Let k(g) = -g**3 - 5*g**2 - 2*g - 1. Let y = -95 - -364. Suppose 8*s + 3*b = 6*s + 287, -2*s = -3*b - y. What is the remainder when s is divided by k(-6)?
45
Suppose -3*c = -2332 - 944. What is the remainder when c is divided by 94?
58
Suppose 7*h = -4*j + 8*h + 1108, 5*j - 1386 = h. Suppose -16*t + 58 = -j. What is the remainder when 123 is divided by t?
18
Let f(m) = 8*m**2 - 12*m + 2. Let c(i) = -i**2 - i - 2. Let o(b) = -10*c(b) - f(b). What is the remainder when 122 is divided by o(-12)?
38
Let d(k) = 141*k**2 - 9*k - 90*k**2 + 30*k**2 - 34*k + 2*k**3 - 62. Calculate the remainder when 2/(((-4)/134)/(-1)) is divided by d(-41).
7
Suppose -9195 = -2*f + 3*g, -4*f + 17682 = 2*g - 748. What is the remainder when f is divided by 184?
5
Suppose 134 = 3*f + 17. Let d = -4 + f. Suppose -76*j + 77*j - d = 0. Calculate the remainder when j is divided by 20.
15
Let p = 106 - 78. Suppose 6*s + 27 = 3*s. Let l(u) = -u**2 - 10*u + 6. Calculate the remainder when p is divided by l(s).
13
Let y be 102/(-21)*-3 - (-15)/35. Suppose -33 + y = -3*z. Calculate the remainder when 19 is divided by z.
1
Let r be 526/(-4) + (5 - 54/12). Let z = -127 - r. Suppose -2*o + 5*l - 14 = 0, -6 = 2*o + l - 4*l. What is the remainder when z is divided by o?
1
Suppose 4*r + 17 = 5, 0 = -5*i - 2*r + 759. Let s be -2*i/(-6) + -7 + 7. Calculate the remainder when 18 is divided by s/15 - 6/15.
0
What is the remainder when 5471 is divided by 18*(-7)/(231/(-88))*(-3)/(-2)?
71
What is the remainder when 557 is divided by (9/2)/(59267/7372 - (9 - 1))?
101
Calculate the remainder when ((-2097)/(-6))/((-447)/(-298)) is divided by 143.
90
Let u = -2628 + 3321. What is the remainder when u is divided by 233?
227
Suppose -5*b = 2*d - 33, -3*d - 4*b = -144 + 98. Calculate the remainder when 125 is divided by d.
13
Let x = 47 + 439. What is the remainder when 487 is divided by x?
1
Let z = 6986 + -6901. Calculate the remainder when 684 is divided by z.
4
Let t be (-7)/(168/(-16)) - 498/(-9). Suppose -t*n = -64*n + 1216. What is the remainder when n is divided by 33?
20
Let s = -26524 - -27830. What is the remainder when s is divided by 357?
235
Suppose 12 = -3*l + 3. Let o be (28/(-12) - l) + 1526/6. Suppose -10*b + 5*b + o = 0. What is the remainder when b is divided by 13?
12
Suppose 85*b + 17 - 202 = -15. Suppose 5*g - 3*j - 77 - 1 = 0, -3*g + 74 = 5*j. What is the remainder when g is divided by b?
0
Let u = 2285 - 2140. Calculate the remainder when 1012 is divided by u.
142
Suppose -3 = -7*x + 32. Let t(r) = 16*r - 76. What is the remainder when 91 is divided by t(x)?
3
Let o be 8/4*-2 - 26. Let d = 108 - 171. Let n = o - d. What is the remainder when n is divided by 12?
9
Suppose -18*n + 75 - 31 = -82. What is the remainder when 2895/25 + (-3)/(-15) is divided by n?
4
Let d(l) = l**3 - 70*l**2 + 211*l - 32. Calculate the remainder when d(67) is divided by 212.
2
Let n = 1122 + -705. Let l = 1450 - n. What is the remainder when l is divided by 94?
93
Suppose 149302 - 527212 = -239*h - 84*h. Calculate the remainder when h is divided by 4.
2
Let z(m) = 92*m + 811. Calculate the remainder when z(-3) is divided by 195.
145
Suppose 4 = l, -3*n - 20*l + 22*l + 6082 = 0. Calculate the remainder when n is divided by 208.
158
Suppose 0 = -31*g + 4*g - 2932 + 13786. What is the remainder when g is divided by 14?
10
Suppose 5*s + s = 144. Suppose 0 = t - 2*h - s, -3*t + 2*h = 21 - 93. Calculate the remainder when -4*3/(t/(-146)) is divided by 15.
13
Let d(m) = -m**2 + m - 12*m + 1 - 4 - 2. What is the remainder when 47 is divided by d(-6)?
22
Let p(c) = c**2 + 4*c - 4. Let f be p(-5). What is the remainder when 2/(f - (-55)/(-57)) is divided by 178/356*(40 + 0)?
17
Suppose 0 = 3*a + 5*m + 4, 3*m = 259*a - 260*a - 4. Calculate the remainder when 661 is divided by a.
1
Suppose -5 = -10*k + 5*k. Suppose -5*f - 15*w + 66 = -14*w, -4*f - 5*w = -36. Calculate the remainder when f is divided by (-3 - -6) + k + 4.
6
Suppose -r - 2*p = 1 + 19, 2*r + 19 = 3*p. Let z = r + 19. Suppose -z*v = 5*n - 370, 2*n - v - 145 = -6*v. Calculate the remainder when n is divided by 19.
18
Let j = 221 - 158. Let f(i) = 121*i + 4493. Calculate the remainder when j is divided by f(-37).
15
Let t(s) = s**3 - 18*s**2 + 19*s + 13. What is the remainder when t(17) is divided by 21?
5
Let b be 3*1/1 + 0/4. Suppose -16*k + 26 = -b*k. Suppose -k = x, -14 = i - 4*x - 63. What is the remainder when 80 is divided by i?
39
Suppose 227*j - 225*j + a - 170 = 0, 0 = -3*j - 5*a + 248. Calculate the remainder when j is divided by 67.
19
Let t(z) = 22*z - 2685. Calculate the remainder when 865 is divided by t(128).
79
Suppose 3*u - 2*z = -u - 30, 0 = -5*u + 4*z - 45. Calculate the remainder when 2*(-47)/8*(u - 19) is divided by 57.
54
Let t(z) = 19 - 2*z - 7 - 1 + 0*z + 17. What is the remainder when t(-21) is divided by 22?
4
Let z = 1 - -4. Let f(j) = 6 + 3*j**2 - 2*j**2 + 0 + 7*j - 8 - 4. Calculate the remainder when f(z) is divided by 14.
12
Let b = 26 - 20. Suppose b*d - 6 = -24. What is the remainder when 29/((12/d)/(-4)) is divided by 6?
5
Suppose 3752 - 16226 = -33*s. Calculate the remainder when 1135 is divided by s.
1
Calculate the remainder when 4 is divided by 0*(-5)/3*66/(-110) + 1.
0
Suppose 109*a - 1684 = -4*g + 105*a, 3*g = 15*a + 1227. Suppose 418 = 4*v - l, -3*v + 4*l = -2*v - 97. What is the remainder when g is divided by v?
104
Let j be 2/1 - (-2 + 280). Let h = j - -411. Calculate the remainder when h is divided by 35.
30
Suppose 3*c - g = 64, 3*c + 5*g + 2 = 96. Suppose c*z - 18*z = 145. Let r(t) = 14*t**2 - 2*t - 1. What is the remainder when z is divided by r(-1)?
14
Let p(l) = l**3 + l**2 + 2*l - 2. Suppose -204*a = 4740 - 36972. Calculate the remainder when a is divided by p(3).
38
Suppose 1806 = -221*x + 227*x. Suppose -c = 4*k - x, -10*k - 611 = -2*c - 9*k. What is the remainder when c is divided by 18?
17
Let r(a) = -7*a - 30. Suppose -5*b - x + 85 = 3*x, -b + 33 = 4*x. What is the remainder when r(-7) is divided by b?
6
Suppose 4*n - 5*o - 41 = 0, 0*o + 23 = n + 3*o. Let a = n + -4. Calculate the remainder when 3 is divided by (-13)/11 + 2 + a/55.
0
Suppose 932777 - 3628813 = -73*h. What is the remainder when h is divided by 13?
12
Suppose 5*z = p - 129, -46*z + 41*z + 391 = 4*p. Calculate the remainder when 2388 is divided by p.
100
Let h be 3154/(-5) + 12/15. Let l = -427 - h. Suppose 0 = 3*r - v - 128, 7*r - 12*r + v + 210 = 0. Calculate the remainder when l is divided by r.
39
Let v(s) = -10*s**2 - s**3 + 3*s + 36 - 14*s**2 - s**2. Let j be v(-25). Let c = 44 + j. What is the remainder when 9 is divided by c?
4
Suppose 12*w - 58 = 218. Suppose -4*q - 2*u = -3*q - w, -u + 54 = 3*q. What is the remainder when 98 is divided by q?
13
Let i(q) = q**3 + 18*q**2 - 174*q + 49. Calculate the remainder when 1039 is divided by i(-25).
7
Let g = -18873 + 19184. Calculate the remainder when g is divided by 103.
2
Let h(j) = 41*j**2 - 15*j. Let a be h(-2). Let n = a + -187. What 